ndred thousands digit of 7648216143?
2
What is the hundreds digit of 638716729?
7
What is the hundred thousands digit of 91267839?
2
What is the hundreds digit of 733282282?
2
What is the hundreds digit of 2583445254?
2
What is the millions digit of 8719262?
8
What is the millions digit of 20508599?
0
What is the ten thousands digit of 149118899?
1
What is the tens digit of 76692023?
2
What is the units digit of 103920678?
8
What is the hundred millions digit of 3242366038?
2
What is the tens digit of 94239845?
4
What is the millions digit of 527802003?
7
What is the millions digit of 26314956?
6
What is the hundreds digit of 4067631282?
2
What is the hundred thousands digit of 86131723?
1
What is the ten thousands digit of 82323443?
2
What is the thousands digit of 3612717319?
7
What is the hundred thousands digit of 14310020?
3
What is the ten thousands digit of 597462693?
6
What is the billions digit of 2454848222?
2
What is the hundreds digit of 89110977?
9
What is the hundreds digit of 21626871?
8
What is the hundred thousands digit of 2940064291?
0
What is the thousands digit of 1595307453?
7
What is the ten millions digit of 794335861?
9
What is the hundred thousands digit of 961392316?
3
What is the units digit of 59608489?
9
What is the ten thousands digit of 337153916?
5
What is the millions digit of 1005954616?
5
What is the hundred thousands digit of 5277040645?
0
What is the hundreds digit of 4228951?
9
What is the tens digit of 131628811?
1
What is the hundred millions digit of 939990251?
9
What is the millions digit of 88261045?
8
What is the hundred thousands digit of 570276823?
2
What is the ten millions digit of 2408922897?
0
What is the hundreds digit of 4462157719?
7
What is the hundreds digit of 730753549?
5
What is the thousands digit of 7290610558?
0
What is the millions digit of 21920794?
1
What is the ten millions digit of 32804241?
3
What is the tens digit of 2598185943?
4
What is the hundred thousands digit of 1566718443?
7
What is the units digit of 46167110?
0
What is the ten millions digit of 503108157?
0
What is the hundred thousands digit of 3199299477?
2
What is the hundred thousands digit of 82239062?
2
What is the tens digit of 99861865?
6
What is the ten thousands digit of 78075681?
7
What is the hundred millions digit of 2900464401?
9
What is the billions digit of 3456435405?
3
What is the thousands digit of 1031312612?
2
What is the millions digit of 876066248?
6
What is the thousands digit of 5819369?
9
What is the ten thousands digit of 129869276?
6
What is the ten millions digit of 2916778566?
1
What is the hundreds digit of 72481728?
7
What is the units digit of 25224293?
3
What is the tens digit of 3017506921?
2
What is the tens digit of 174043524?
2
What is the ten thousands digit of 628192198?
9
What is the thousands digit of 52941816?
1
What is the tens digit of 4094038814?
1
What is the ten thousands digit of 297392389?
9
What is the millions digit of 65382314?
5
What is the ten thousands digit of 16231222?
3
What is the units digit of 868658561?
1
What is the millions digit of 73619213?
3
What is the hundreds digit of 492687974?
9
What is the hundred millions digit of 366906594?
3
What is the thousands digit of 634930732?
0
What is the thousands digit of 3115766675?
6
What is the ten thousands digit of 2002390?
0
What is the thousands digit of 1313496954?
6
What is the millions digit of 617849233?
7
What is the hundred thousands digit of 2593690904?
6
What is the tens digit of 72511782?
8
What is the thousands digit of 50333097?
3
What is the tens digit of 5232684807?
0
What is the units digit of 99499310?
0
What is the units digit of 2671298504?
4
What is the hundred thousands digit of 608519628?
5
What is the hundreds digit of 507755755?
7
What is the units digit of 323420695?
5
What is the tens digit of 380969703?
0
What is the tens digit of 1458708177?
7
What is the ten thousands digit of 3941585?
4
What is the thousands digit of 15771681?
1
What is the hundred millions digit of 2981519471?
9
What is the millions digit of 290867020?
0
What is the hundreds digit of 83644075?
0
What is the hundred thousands digit of 576193?
5
What is the hundred thousands digit of 4459090884?
0
What is the thousands digit of 1714384999?
4
What is the ten millions digit of 3027290464?
2
What is the units digit of 38442538?
8
What is the ten millions digit of 1125777807?
2
What is the millions digit of 531492894?
1
What is the ten thousands digit of 438006082?
0
What is the hundreds digit of 1942640260?
2
What is the hundreds digit of 416802926?
9
What is the thousands digit of 19300287?
0
What is the ten millions digit of 78113465?
7
What is the hundreds digit of 267594212?
2
What is the thousands digit of 20679494?
9
What is the hundreds digit of 80088941?
9
What is the ten millions digit of 3235799527?
3
What is the ten thousands digit of 387060910?
6
What is the billions digit of 2426146017?
2
What is the thousands digit of 92080723?
0
What is the hundred millions digit of 2630706619?
6
What is the millions digit of 275995307?
5
What is the hundred thousands digit of 221919871?
9
What is the hundreds digit of 333127836?
8
What is the units digit of 9381276?
6
What is the billions digit of 1159193653?
1
What is the thousands digit of 1159769955?
9
What is the tens digit of 427827015?
1
What is the ten millions digit of 137851485?
3
What is the tens digit of 484386771?
7
What is the ten thousands digit of 95871303?
7
What is the ten thousands digit of 3874324256?
2
What is the units digit of 249782024?
4
What is the hundred millions digit of 177258095?
1
What is the millions digit of 8578368050?
8
What is the millions digit of 112564659?
2
What is the millions digit of 42255508?
2
What is the ten thousands digit of 138006231?
0
What is the ten millions digit of 46403277?
4
What is the units digit of 167046801?
1
What is the thousands digit of 319589116?
9
What is the ten millions digit of 11041943?
1
What is the ten millions digit of 476903839?
7
What is the ten thousands digit of 45629324?
2
What is the ten thousands digit of 1146914006?
1
What is the hundred thousands digit of 2138970655?
9
What is the hundred thousands digit of 117959298?
9
What is the tens digit of 212071325?
2
What is the hundred millions digit of 226718725?
2
What is the ten thousands digit of 674238419?
3
What is the ten millions digit of 1400690494?
0
What is the hundred thousands digit of 45847660?
8
What is the tens digit of 2340405700?
0
What is the units digit of 1860553324?
4
What is the units digit of 1356141270?
0
What is the tens digit of 384283021?
2
What is the hundreds digit of 60844339?
3
What is the units digit of 9254542?
2
What is the units digit of 37625180?
0
What is the hundred thousands digit of 2390031?
3
What is the hundred thousands digit of 109034134?
0
What is the hundred thousands digit of 47416571?
4
What is the hundreds digit of 58094085?
0
What is the thousands digit of 221206473?
6
What is the ten millions digit of 89890571?
8
What is the ten millions digit of 6109545275?
0
What is the hundreds digit of 138973279?
2
What is the units digit of 153424025?
5
What is the hundred thousands digit of 147881459?
8
What is the thousands digit of 2006698205?
8
What is the thousands digit of 1377966094?
6
What is the hundreds digit of 179614243?
2
What is the ten thousands digit of 219169977?
6
What is the hundreds digit of 964709643?
6
What is the tens digit of 1349992501?
0
What is the tens digit of 1245400252?
5
What is the millions digit of 415577311?
5
What is the hundreds digit of 491367061?
0
What is the hundreds digit of 54073398?
3
What is the millions digit of 1609750?
1
What is the ten thousands digit of 522885586?
8
What is the hundred thousands digit of 86132636?
1
What is the ten millions digit of 27478327?
2
What is the tens digit of 4609650858?
5
What is the hundreds digit of 169614414?
4
What is the ten thousands digit of 740221328?
2
What is the thousands digit of 1088466?
8
What is the hundred thousands digit of 297667143?
6
What is the tens digit of 95581324?
2
What is the ten thousands digit of 38696917?
9
What is the ten millions digit of 90835106?
9
What is the millions digit of 90976807?
0
